
What is the hundred thousands digit of 59969368?
9
What is the millions digit of 78041483?
8
What is the ten thousands digit of 24302984?
0
What is the ten thousands digit of 67966594?
6
What is the hundred thousands digit of 919920654?
9
What is the tens digit of 1346160544?
4
What is the units digit of 994579516?
6
What is the hundred millions digit of 487476987?
4
What is the tens digit of 33424991?
9
What is the ten millions digit of 109687442?
0
What is the hundred thousands digit of 188130620?
1
What is the thousands digit of 17316145?
6
What is the ten millions digit of 303071913?
0
What is the units digit of 138747157?
7
What is the tens digit of 136652591?
9
What is the units digit of 76626797?
7
What is the hundred millions digit of 3929434066?
9
What is the ten millions digit of 106239522?
0
What is the units digit of 736842640?
0
What is the hundred millions digit of 448754806?
4
What is the hundreds digit of 2851500366?
3
What is the thousands digit of 29610775?
0
What is the thousands digit of 1859913768?
3
What is the millions digit of 3051606838?
1
What is the tens digit of 2361899953?
5
What is the tens digit of 500809690?
9
What is the hundreds digit of 849865595?
5
What is the ten thousands digit of 119844268?
4
What is the hundreds digit of 1963826906?
9
What is the thousands digit of 997227171?
7
What is the hundreds digit of 85002528?
5
What is the units digit of 1595304275?
5
What is the hundred thousands digit of 4448642056?
6
What is the units digit of 791371953?
3
What is the ten thousands digit of 14541278?
4
What is the thousands digit of 53309265?
9
What is the hundreds digit of 93506427?
4
What is the ten thousands digit of 18148128?
4
What is the thousands digit of 334316251?
6
What is the units digit of 80589873?
3
What is the ten millions digit of 324151594?
2
What is the ten millions digit of 65619421?
6
What is the ten millions digit of 26102591?
2
What is the units digit of 238086694?
4
What is the tens digit of 72223410?
1
What is the tens digit of 2716552619?
1
What is the hundred millions digit of 953965749?
9
What is the tens digit of 343580730?
3
What is the millions digit of 6560849523?
0
What is the hundred millions digit of 1398819188?
3
What is the tens digit of 4401860026?
2
What is the ten thousands digit of 667072860?
7
What is the units digit of 26068680?
0
What is the tens digit of 993847821?
2
What is the hundreds digit of 61004175?
1
What is the units digit of 252633988?
8
What is the units digit of 1139441119?
9
What is the units digit of 513183983?
3
What is the hundreds digit of 1785736320?
3
What is the hundred thousands digit of 257801100?
8
What is the ten millions digit of 26672248?
2
What is the millions digit of 82273416?
2
What is the hundred millions digit of 253649820?
2
What is the units digit of 82259323?
3
What is the ten millions digit of 604832855?
0
What is the ten millions digit of 6051063090?
5
What is the units digit of 435449879?
9
What is the ten millions digit of 2100055265?
0
What is the hundreds digit of 1806888443?
4
What is the ten millions digit of 473985685?
7
What is the tens digit of 98776603?
0
What is the ten millions digit of 763409549?
6
What is the ten thousands digit of 43775141?
7
What is the ten millions digit of 217611680?
1
What is the tens digit of 145362447?
4
What is the units digit of 42643622?
2
What is the ten millions digit of 32804089?
3
What is the billions digit of 4914713609?
4
What is the ten thousands digit of 10218777?
1
What is the tens digit of 138680981?
8
What is the hundred thousands digit of 62181550?
1
What is the hundred millions digit of 9017360126?
0
What is the units digit of 217606905?
5
What is the ten millions digit of 601723486?
0
What is the units digit of 571821289?
9
What is the units digit of 43677750?
0
What is the units digit of 21509309?
9
What is the ten thousands digit of 11693597?
9
What is the hundred thousands digit of 7264439166?
4
What is the units digit of 137645696?
6
What is the ten thousands digit of 65439031?
3
What is the units digit of 554049843?
3
What is the ten thousands digit of 638504123?
0
What is the thousands digit of 58273566?
3
What is the millions digit of 49016081?
9
What is the hundreds digit of 74787563?
5
What is the thousands digit of 1252095625?
5
What is the units digit of 560443320?
0
What is the millions digit of 8687419903?
7
What is the tens digit of 23761772?
7
What is the thousands digit of 29224174?
4
What is the billions digit of 3435985562?
3
What is the hundred millions digit of 194842207?
1
What is the thousands digit of 3702499862?
9
What is the tens digit of 120753086?
8
What is the units digit of 1791756402?
2
What is the thousands digit of 94076457?
6
What is the units digit of 9665312?
2
What is the hundreds digit of 149116218?
2
What is the thousands digit of 45544058?
4
What is the hundred thousands digit of 2280604269?
6
What is the ten millions digit of 636041807?
3
What is the millions digit of 103656959?
3
What is the millions digit of 61681235?
1
What is the ten thousands digit of 163779944?
7
What is the units digit of 2739087332?
2
What is the tens digit of 32994332?
3
What is the thousands digit of 723314726?
4
What is the millions digit of 61617936?
1
What is the ten millions digit of 390784999?
9
What is the hundreds digit of 2328841665?
6
What is the hundred millions digit of 120623750?
1
What is the ten millions digit of 165174356?
6
What is the ten millions digit of 642760616?
4
What is the tens digit of 232427731?
3
What is the ten thousands digit of 1280215043?
1
What is the hundreds digit of 64300872?
8
What is the ten thousands digit of 2850022424?
2
What is the ten thousands digit of 575255276?
5
What is the tens digit of 8989192?
9
What is the hundreds digit of 126818819?
8
What is the thousands digit of 1913856179?
6
What is the hundreds digit of 110727064?
0
What is the ten thousands digit of 1992890033?
9
What is the tens digit of 78973701?
0
What is the hundreds digit of 156184135?
1
What is the units digit of 1226988453?
3
What is the ten millions digit of 4378282488?
7
What is the hundreds digit of 3023893129?
1
What is the thousands digit of 220144798?
4
What is the ten thousands digit of 128668770?
6
What is the thousands digit of 135769767?
9
What is the hundred thousands digit of 189504609?
5
What is the ten millions digit of 739917026?
3
What is the ten thousands digit of 127715137?
1
What is the hundred millions digit of 1824420531?
8
What is the ten millions digit of 60685628?
6
What is the thousands digit of 66995677?
5
What is the thousands digit of 1426108695?
8
What is the hundred thousands digit of 48940166?
9
What is the hundred millions digit of 194378298?
1
What is the millions digit of 71808547?
1
What is the ten thousands digit of 17226814?
2
What is the tens digit of 6245074018?
1
What is the tens digit of 31726905?
0
What is the hundred thousands digit of 2204890229?
8
What is the hundred thousands digit of 44532390?
5
What is the millions digit of 9934090?
9
What is the hundreds digit of 12564081?
0
What is the ten millions digit of 343724093?
4
What is the ten millions digit of 334679510?
3
What is the tens digit of 1496050028?
2
What is the units digit of 12282614?
4
What is the ten thousands digit of 198080589?
8
What is the thousands digit of 2753949?
3
What is the hundred thousands digit of 99634602?
6
What is the thousands digit of 121333572?
3
What is the tens digit of 25555464?
6
What is the thousands digit of 42752651?
2
What is the millions digit of 1282242380?
2
What is the millions digit of 5928768?
5
What is the thousands digit of 14757111?
7
What is the tens digit of 143391871?
7
What is the ten thousands digit of 1603042143?
4
What is the ten millions digit of 572589727?
7
What is the ten thousands digit of 70936164?
3
What is the units digit of 222457707?
7
What is the hundred thousands digit of 1406664787?
6
What is the ten millions digit of 20926453?
2
What is the ten thousands digit of 196875199?
7
What is the thousands digit of 1233253736?
3
What is the tens digit of 38963842?
4
What is the millions digit of 29968899?
9
What is the hundred thousands digit of 5279231473?
2
What is the hundred milli